22976?
9
What is the tens digit of 1412?
1
What is the units digit of 2279?
9
What is the thousands digit of 17134?
7
What is the hundreds digit of 9601?
6
What is the tens digit of 2435?
3
What is the hundreds digit of 1205?
2
What is the units digit of 16510?
0
What is the ten thousands digit of 58836?
5
What is the hundreds digit of 1745?
7
What is the units digit of 121512?
2
What is the tens digit of 104?
0
What is the ten thousands digit of 34402?
3
What is the tens digit of 7097?
9
What is the thousands digit of 15645?
5
What is the thousands digit of 1438?
1
What is the hundreds digit of 139253?
2
What is the units digit of 4758?
8
What is the hundreds digit of 8359?
3
What is the thousands digit of 1143?
1
What is the hundreds digit of 222?
2
What is the thousands digit of 1426?
1
What is the thousands digit of 83242?
3
What is the tens digit of 3690?
9
What is the tens digit of 1052?
5
What is the units digit of 8906?
6
What is the thousands digit of 10183?
0
What is the units digit of 6503?
3
What is the tens digit of 117?
1
What is the units digit of 76200?
0
What is the units digit of 17876?
6
What is the tens digit of 11053?
5
What is the ten thousands digit of 38426?
3
What is the tens digit of 16508?
0
What is the ten thousands digit of 16698?
1
What is the units digit of 2490?
0
What is the hundreds digit of 484?
4
What is the units digit of 39641?
1
What is the tens digit of 21?
2
What is the units digit of 1126?
6
What is the thousands digit of 9966?
9
What is the tens digit of 658?
5
What is the units digit of 2701?
1
What is the thousands digit of 43732?
3
What is the hundreds digit of 17447?
4
What is the units digit of 11691?
1
What is the units digit of 125?
5
What is the tens digit of 23195?
9
What is the thousands digit of 1048?
1
What is the hundreds digit of 856?
8
What is the units digit of 31?
1
What is the hundreds digit of 1153?
1
What is the units digit of 22729?
9
What is the hundreds digit of 30703?
7
What is the hundreds digit of 3273?
2
What is the thousands digit of 19944?
9
What is the units digit of 3655?
5
What is the thousands digit of 20407?
0
What is the units digit of 710?
0
What is the units digit of 4579?
9
What is the thousands digit of 62601?
2
What is the thousands digit of 31032?
1
What is the units digit of 2478?
8
What is the hundreds digit of 29412?
4
What is the ten thousands digit of 15510?
1
What is the units digit of 1750?
0
What is the thousands digit of 7205?
7
What is the tens digit of 67095?
9
What is the tens digit of 8928?
2
What is the thousands digit of 27383?
7
What is the tens digit of 3823?
2
What is the tens digit of 422?
2
What is the tens digit of 14912?
1
What is the tens digit of 49?
4
What is the hundreds digit of 379?
3
What is the hundreds digit of 899?
8
What is the thousands digit of 6900?
6
What is the thousands digit of 14217?
4
What is the hundreds digit of 167?
1
What is the ten thousands digit of 11410?
1
What is the tens digit of 90?
9
What is the units digit of 5545?
5
What is the units digit of 902?
2
What is the hundreds digit of 138983?
9
What is the ten thousands digit of 10513?
1
What is the units digit of 9569?
9
What is the tens digit of 6240?
4
What is the units digit of 24227?
7
What is the tens digit of 544?
4
What is the thousands digit of 89313?
9
What is the tens digit of 4066?
6
What is the hundreds digit of 9380?
3
What is the ten thousands digit of 38745?
3
What is the units digit of 57160?
0
What is the thousands digit of 5922?
5
What is the tens digit of 47078?
7
What is the thousands digit of 5590?
5
What is the thousands digit of 13544?
3
What is the tens digit of 60355?
5
What is the units digit of 1070?
0
What is the ten thousands digit of 133527?
3
What is the hundreds digit of 403?
4
What is the units digit of 112132?
2
What is the units digit of 617?
7
What is the tens digit of 52789?
8
What is the units digit of 7441?
1
What is the hundreds digit of 3029?
0
What is the tens digit of 52615?
1
What is the tens digit of 3906?
0
What is the thousands digit of 2951?
2
What is the units digit of 2505?
5
What is the thousands digit of 6192?
6
What is the tens digit of 84061?
6
What is the hundreds digit of 406?
4
What is the units digit of 672?
2
What is the ten thousands digit of 25993?
2
What is the tens digit of 59535?
3
What is the thousands digit of 18597?
8
What is the units digit of 8408?
8
What is the tens digit of 13052?
5
What is the hundreds digit of 3415?
4
What is the tens digit of 117?
1
What is the units digit of 3652?
2
What is the units digit of 24444?
4
What is the thousands digit of 100795?
0
What is the hundreds digit of 134?
1
What is the tens digit of 43?
4
What is the thousands digit of 10953?
0
What is the units digit of 8816?
6
What is the hundreds digit of 15989?
9
What is the tens digit of 7773?
7
What is the tens digit of 9732?
3
What is the units digit of 43?
3
What is the hundreds digit of 290?
2
What is the units digit of 605?
5
What is the hundreds digit of 545?
5
What is the thousands digit of 7954?
7
What is the units digit of 396?
6
What is the tens digit of 17318?
1
What is the thousands digit of 4453?
4
What is the thousands digit of 2160?
2
What is the units digit of 1445?
5
What is the units digit of 1054?
4
What is the hundreds digit of 623?
6
What is the tens digit of 31284?
8
What is the hundreds digit of 714?
7
What is the hundreds digit of 50722?
7
What is the thousands digit of 21354?
1
What is the tens digit of 95?
9
What is the ten thousands digit of 30225?
3
What is the units digit of 22172?
2
What is the tens digit of 8786?
8
What is the units digit of 17?
7
What is the hundreds digit of 1755?
7
What is the tens digit of 9721?
2
What is the thousands digit of 2123?
2
What is the thousands digit of 20401?
0
What is the tens digit of 1968?
6
What is the tens digit of 86541?
4
What is the tens digit of 902?
0
What is the tens digit of 6097?
9
What is the tens digit of 3388?
8
What is the hundreds digit of 2087?
0
What is the thousands digit of 3056?
3
What is the units digit of 21?
1
What is the thousands digit of 1088?
1
What is the units digit of 58?
8
What is the hundreds digit of 1288?
2
What is the thousands digit of 70212?
0
What is the tens digit of 4438?
3
What is the hundreds digit of 862?
8
What is the tens digit of 1225?
2
What is the tens digit of 5763?
6
What is the units digit of 949?
9
What is the units digit of 5660?
0
What is the units digit of 19383?
3
What is the units digit of 21412?
2
What is the thousands digit of 21201?
1
What is the hundreds digit of 1412?
4
What is the units digit of 165?
5
What is the thousands digit of 4292?
4
What is the tens digit of 439?
3
What is the tens digit of 1750?
5
What is the thousands digit of 2435?
2
What is the hundreds digit of 3316?
3
What is the tens digit of 55117?
1
What is the units digit of 9005?
5
What is the thousands digit of 95667?
5
What is the tens digit of 319?
1
What is the thousands digit of 4599?
4
What is the units digit of 902?
2
What is the hundreds digit of 1116?
1
What is the hundreds digit of 928?
9
What is the hundreds digit of 1156?
1
What is the ten thousands digit of 69482?
6
What is the hundreds digit of 399?
3
What is the thousands digit of 96148?
6
What is the thousands digit of 3319?
3
What is the tens digit of 45918?
1
What is the units digit of 477?
7
What is the tens digit of 12890?
9
What is the units digit of 3367?
7
What is the ten thousands digit of 14862?
1
What is the hundreds digit of 1387?
3
What is the thousands digit of 15127?
5
What is the hundreds digit of 3015?
0
What is the tens digit of 437?
3
What is the units digit of 8090?
0
What is the units digit of 12602?
2
What is the units digit of 289?
9
What is the hundreds digit of 1489?
4
What is the hundreds digit of 12165?
1
What is the units digit of 24171?
1
What is the hundreds digit of 1085?
0
What is the hundreds digit of 30254?
2
What is the units digit of 7853?
3
What is the tens digit of 4604?
0
What is the thousands digit of 9303?
9
What is the tens digit of 56?
5
What is the thousands digit of 2853?
2
What is the thousands digit of 1055?
1
What is the hundreds digit of 56820?
8
What is the ten thousands digit of 74394?
7
What i